 j(q) = 2*q**3 - 76*q**2 + 75*q - 45. Calculate j(37).
-8
Let h(i) = i**3 + 54*i**2 + 154*i - 72. Determine h(-51).
-123
Let i(n) = -10*n**3 - 186*n**2 + 74*n - 29. Calculate i(-19).
9
Let z(l) = -l**2 + 39*l - 340. Calculate z(12).
-16
Let u(o) = -o**2 - 31*o + 47. Determine u(-33).
-19
Let a(u) = 255*u - 1543. Determine a(6).
-13
Let o(c) = -2*c**2 - 37*c - 96. What is o(-3)?
-3
Let d(z) = 14025*z - 112201. What is d(8)?
-1
Let m(d) = -d**2 + 2584*d + 180327. Calculate m(-68).
-9
Let u(i) = -32*i - 1793. Determine u(-57).
31
Let c(i) = i**2 + 24*i + 131. What is c(-9)?
-4
Let z(y) = 36*y + 742. Give z(-21).
-14
Let x(y) = y**3 - 4*y**2 - y - 22. Calculate x(0).
-22
Let d(o) = -o**3 - 2*o**2 + 73*o + 206. Calculate d(-3).
-4
Let z(g) = 9*g**3 + 2*g**2 - 6*g - 17. Calculate z(-3).
-224
Let i(g) = 28*g + 433. Give i(-22).
-183
Let n(c) = -c**2 - 32*c + 88. What is n(-38)?
-140
Let d(b) = b**3 - 38*b**2 + 60*b + 425. Give d(36).
-7
Let b(y) = 511*y + 1706. Determine b(-3).
173
Let r(l) = 75*l - 3. What is r(-2)?
-153
Let l(s) = -174*s + 1152. Calculate l(10).
-588
Let n(z) = 2*z**3 + 71*z**2 - 86*z - 6380. What is n(-34)?
12
Let k(j) = 3*j**2 + 39*j - 312. Give k(-18).
-42
Let d(m) = -50*m - 149. Calculate d(-2).
-49
Let x(q) = -7*q**2 + 45*q - 14. Determine x(4).
54
Let c(w) = 2*w**3 + 2*w**2 + 28*w - 2. What is c(0)?
-2
Let n(o) = 24*o + 98. Give n(-4).
2
Let z(g) = -g**2 + 3*g + 3778. What is z(63)?
-2
Let p(c) = -8*c**2 + 745*c - 171. What is p(93)?
-78
Let b(g) = -1537*g + 21526. Calculate b(14).
8
Let u(i) = -i**3 - 5*i**2 + 264*i - 25. Determine u(-19).
13
Let w(m) = -3*m**2 - 67*m - 558. Give w(-12).
-186
Let j(d) = -2*d**2 + 22*d - 138. Give j(11).
-138
Let s(x) = 2*x - 72. Calculate s(42).
12
Let s(v) = -852*v + 872. Determine s(1).
20
Let p(z) = -z**2 - 24*z - 97. Calculate p(-30).
-277
Let s(p) = -2*p**3 - 8*p**2 - 47*p - 82. Determine s(-6).
344
Let m(g) = -174*g - 863. Determine m(-6).
181
Let d(b) = -b**3 - 42*b**2 - 22*b - 480. Determine d(-42).
444
Let f(r) = -r**3 + 22*r**2 - 27*r + 132. Determine f(21).
6
Let j(u) = 14*u - 680. Determine j(47).
-22
Let o(h) = -34*h - 1148. Calculate o(-34).
8
Let q(j) = -j**3 + 10*j**2 - j - 22. Calculate q(7).
118
Let c(k) = 1899*k - 3810. Determine c(2).
-12
Let o(p) = 16*p + 126. Give o(16).
382
Let g(r) = 71*r - 410. Give g(6).
16
Let m(s) = -1873*s - 3758. What is m(-2)?
-12
Let z(m) = -m**3 - 25*m**2 - 84*m + 5. What is z(-21)?
5
Let g(f) = f**3 + f**2 - 42*f + 37. What is g(6)?
37
Let y(p) = 6*p**3 + 4*p**2 - 14*p + 10. Give y(4).
402
Let c(y) = -y**3 + 3*y**2 + 24*y - 89. Determine c(-5).
-9
Let f(o) = -473*o + 32636. What is f(69)?
-1
Let v(m) = 12*m + 332. Give v(-26).
20
Let n(a) = -a**2 - 17*a + 459. What is n(16)?
-69
Let v(z) = 5*z**2 + 128*z + 61. What is v(-25)?
-14
Let w(x) = -7*x + 44. Give w(18).
-82
Let n(m) = m**3 + 42*m**2 + 4*m - 2. What is n(-42)?
-170
Let n(b) = -b**3 + 23*b**2 + 26*b - 38. Give n(24).
10
Let c(x) = 1203*x - 15. What is c(0)?
-15
Let b(v) = -33*v - 329. Give b(-12).
67
Let h(r) = -r**3 + 45*r**2 + 419*r - 121. What is h(-8)?
-81
Let a(h) = -32*h**2 + 368*h - 182. Give a(11).
-6
Let i(p) = 59*p**3 + p**2 - 9*p - 10. Calculate i(-1).
-59
Let t(j) = -19*j - 15. Determine t(-3).
42
Let h(w) = 3*w**2 - 62*w + 190. Determine h(3).
31
Let w(t) = 73*t + 1048. Determine w(-25).
-777
Let i(c) = -241*c + 6465. Give i(27).
-42
Let n(d) = -781*d - 33580. Give n(-43).
3
Let l(i) = i**2 + 209*i + 3267. Give l(-17).
3
Let a(x) = -51*x + 335. What is a(6)?
29
Let b(h) = -19*h - 1172. What is b(-53)?
-165
Let o(n) = 4*n**2 + 6*n + 22. Calculate o(0).
22
Let p(j) = 26523*j - 265229. Give p(10).
1
Let k(c) = -2*c**2 - 43*c + 65. What is k(-23)?
-4
Let z(a) = -a**3 - 168*a**2 - 125*a + 7002. What is z(-167)?
-12
Let v(c) = -3*c**3 - 8*c**2 + 5*c - 1. Determine v(-5).
149
Let z(m) = 2*m**3 - 66*m**2 + 66*m - 57. Determine z(32).
7
Let s(i) = -86*i + 787. Give s(9).
13
Let h(c) = c**3 + 6*c**2 - 41*c - 24. Determine h(-10).
-14
Let t(p) = 19*p - 1490. Give t(80).
30
Let v(b) = 275*b**2 + 3*b - 4. What is v(1)?
274
Let k(a) = a**3 - 14*a**2 - 62*a + 905. What is k(14)?
37
Let y(v) = -v**3 - 11*v**2 + 9. Calculate y(-9).
-153
Let b(o) = -o**2 + 941*o - 11143. What is b(12)?
5
Let n(v) = -15*v**2 - 16*v - 10. What is n(-1)?
-9
Let p(l) = l**2 + 17*l - 31. Give p(-7).
-101
Let q(a) = -a**3 + 16*a**2 + 143*a - 1920. Give q(18).
6
Let b(u) = -103*u + 1608. Determine b(14).
166
Let b(g) = -474*g + 22744. Determine b(48).
-8
Let j(q) = -q - 101. What is j(-97)?
-4
Let p(k) = -2526*k + 10104. Calculate p(4).
0
Let z(d) = -d**3 - 24*d**2 + 54*d + 7. Calculate z(-26).
-45
Let w(m) = -292*m + 1749. Calculate w(5).
289
Let n(d) = -15*d**2 + 31*d + 156. Give n(-4).
-208
Let r(f) = -23*f**2 - 91*f - 530. Determine r(-6).
-812
Let w(l) = 65*l - 185. Calculate w(2).
-55
Let s(t) = 9*t**3 + 4*t**2 + 93*t + 179. Give s(-2).
-63
Let v(z) = -164*z - 1266. Determine v(-8).
46
Let s(u) = u**3 + 37*u**2 - u + 6. Give s(-37).
43
Let z(c) = c**3 - 22*c**2 + 98*c + 196. Calculate z(14).
0
Let c(z) = 3*z - 167. Give c(46).
-29
Let j(n) = -69*n - 1212. Calculate j(-18).
30
Let b(w) = -5*w**3 - w**2 + 82*w - 81. Determine b(1).
-5
Let c(x) = -5*x**2 - 25*x - 171. Determine c(-10).
-421
Let l(x) = -5*x**3 + 239*x**2 + 46*x - 19. Calculate l(48).
-115
Let l(z) = 5*z**2 - 29*z - 342. Give l(-10).
448
Let t(m) = m**3 + 24*m**2 + 21*m - 37. Give t(-23).
9
Let u(o) = 19*o**2 + 86*o - 538. What is u(6)?
662
Let x(u) = -4*u**3 - 66*u**2 - 32*u - 27. Calculate x(-16).
-27
Let n(w) = -w**3 + 11*w**2 - 55*w + 133. Give n(6).
-17
Let c(v) = -9*v - 414. Calculate c(-21).
-225
Let r(w) = -15*w**2 + 26*w + 36. What is r(-1)?
-5
Let g(b) = 194*b + 1164. Give g(-6).
0
Let i(a) = -a**3 - 8*a**2 + 43*a + 231. What is i(6)?
-15
Let t(p) = 28*p + 74. Give t(-5).
-66
Let t(b) = b**3 - 8*b**2 + 16*b - 81. Determine t(12).
687
Let y(b) = 2*b**2 + 13*b - 47. What is y(-14)?
163
Let r(p) = 102*p - 3678. What is r(36)?
-6
Let n(g) = g**3 + 31*g**2 - g + 105. Determine n(-31).
136
Let v(q) = 768*q - 6909. Calculate v(9).
3
Let s(v) = 2*v**2 + 123*v - 1806. Calculate s(13).
131
Let f(u) = -u**3 + 16*u**2 + 58*u + 54. Give f(-2).
10
Let s(b) = 3*b**3 - 56*b**2 - 74*b + 1022. What is s(19)?
-23
Let j(y) = 8*y + 102. What is j(-21)?
-66
Let z(g) = -3734*g - 14943. What is z(-4)?
-7
Let l(o) = -57*o + 448. What is l(8)?
-8
Let j(f) = -557*f + 21729. Give j(39).
6
Let j(n) = 10*n**3 - n**2 + 6*n - 1. Calculate j(-2).
-97
Let s(j) = 20*j**2 - 2473*j + 4025. Determine s(122).
-1
Let f(p) = -p**3 - 214*p**2 - 3162*p + 1178. Give f(-198).
-10
Let r(j) = 131*j - 905. Calculate r(0).
-905
Let g(b) = 2*b**2 + 12*b + 6. Determine g(-5).
-4
Let v(r) = r**2 + 19*r + 17. Determine v(-23).
109
Let j(k) = 2*k**3 + 23*k**2 + 13*k + 20. What is j(-12)?
-280
Let s(d) = -5*d - 10. Calculate s(0).
-10
Let z(p) = 16*p + 103. Give z(-7).
-9
Let g(p) = -p**3 - 96*p**2 + 1182*p - 7. Calculate g(11).
48
Let j(l) = -9*l**2 - 29*l - 158. Give j(-5).
-238
Let d(y) = -3*y**2 - 245*y - 1951. Give d(-9).
11
Let u(i) = i**3 + 27*i**2 + 89*i + 411. Calculate u(-24).
3
Let h(y) = y**3 + 4*y**2 - 42*y - 5. Determine h(-8).
75
Let d(q) = 63*q + 358. Give d(-6).
-20
Let x(r) = 16*r**2 - 185*r + 222. What is x(10)?
-28
Let w(l) = -149*l + 1643. What is w(11)?
4
Let w(d) = -8*d**3 + 47*d**2 - 53*d + 5. Calculate w(1).
-9
Let w(s) = -s**2 + 48*s - 80. Give w(43).
135
Let a(m) = -50*m**2 - 84*m + 12. What is a(-2)?
-20
Let l(a) = -5*a**2 + 64*a - 14. Determine l(13).
-27
Let x(d) = d**3 - 97*d**2 + 856*d + 1210. Give x(87).
-8
Let h(n) = 160*n - 1917. Determine h(12).
3
Let r(t) = -41*t**3 - 3*t**2 + 2*t. Determine r(1).
-42
Let w(p) = -372*p + 10766. Determine w(29).
-22
Let a(d) = -2*d**2 + 11*d + 124. Determine a(13).
-71
Let t(v) = 4*v**2 + 187*v + 81. Calculate t(-48).
321
Let c(a) = 93*a - 7. Calculate c(0).
-7
Let s(m) = -2*m**3 + 142*m**2 + 144*m + 19. Determine s(72).
19
Let d(a) = 2*a**3 - 3*a**2 - 4*a + 50. Give d(7).
561
Let l(x) = -15*x**2 - 15*x + 42. Give l(3).
-138
Let w(h) = -h**3 + 27*h**2 + 3*h - 143. Give w(27).
-62
Let i(s) = -2*s**3 - 4*s**2 + 14*s + 30. Calculate i(-3).
6
Let v(w) = 13*w**2 - 116*w + 40. Calculate v(6).
-188
Let c(z) = -4*z**3 - 16